51
List the prime factors of 299432.
2, 7, 5347
List the prime factors of 955844.
2, 197, 1213
What are the prime factors of 1411270?
2, 5, 7, 20161
What are the prime factors of 194050?
2, 5, 3881
List the prime factors of 61260.
2, 3, 5, 1021
What are the prime factors of 2575099?
71, 36269
What are the prime factors of 3718500?
2, 3, 5, 37, 67
List the prime factors of 6461254.
2, 19, 193, 881
What are the prime factors of 28311940?
2, 5, 239, 5923
List the prime factors of 66595.
5, 19, 701
List the prime factors of 317857.
317857
What are the prime factors of 551790?
2, 3, 5, 6131
What are the prime factors of 12980674?
2, 7, 927191
List the prime factors of 7060.
2, 5, 353
List the prime factors of 695796.
2, 3, 23, 2521
What are the prime factors of 22144912?
2, 31, 44647
List the prime factors of 906975.
3, 5, 29, 139
What are the prime factors of 959186?
2, 479593
List the prime factors of 703694.
2, 351847
What are the prime factors of 822222?
2, 3, 17, 2687
What are the prime factors of 282021?
3, 94007
List the prime factors of 389728.
2, 19, 641
What are the prime factors of 26543207?
29, 915283
What are the prime factors of 106387?
191, 557
What are the prime factors of 200460?
2, 3, 5, 13, 257
What are the prime factors of 89681?
89681
List the prime factors of 94535.
5, 7, 37, 73
What are the prime factors of 412562?
2, 206281
List the prime factors of 23840.
2, 5, 149
List the prime factors of 1964985.
3, 5, 11, 11909
What are the prime factors of 19527290?
2, 5, 1952729
What are the prime factors of 312861?
3, 104287
List the prime factors of 9257973.
3, 433, 7127
What are the prime factors of 434421?
3, 13, 47, 79
What are the prime factors of 835918?
2, 417959
What are the prime factors of 111041?
7, 29, 547
List the prime factors of 5099194.
2, 2549597
List the prime factors of 29721273.
3, 9907091
List the prime factors of 1866541.
19, 31, 3169
What are the prime factors of 2577248?
2, 43, 1873
What are the prime factors of 148222?
2, 37, 2003
List the prime factors of 17112954.
2, 3, 2852159
List the prime factors of 889339.
11, 80849
List the prime factors of 9485064.
2, 3, 103, 1279
List the prime factors of 18997074.
2, 3, 19, 55547
What are the prime factors of 498849?
3, 13, 12791
What are the prime factors of 15819?
3, 5273
What are the prime factors of 4351291?
7, 113, 5501
List the prime factors of 75159.
3, 7, 1193
What are the prime factors of 8492888?
2, 23, 101, 457
List the prime factors of 4181327.
1303, 3209
List the prime factors of 206649.
3, 22961
What are the prime factors of 4671433?
13, 227, 1583
What are the prime factors of 410299?
410299
What are the prime factors of 46715?
5, 9343
What are the prime factors of 3281775?
3, 5, 7, 19, 47
List the prime factors of 194600.
2, 5, 7, 139
List the prime factors of 1907107.
1907107
List the prime factors of 12164580.
2, 3, 5, 2503
What are the prime factors of 41190?
2, 3, 5, 1373
List the prime factors of 6670808.
2, 107, 7793
List the prime factors of 827866.
2, 13, 17, 1873
List the prime factors of 6888078.
2, 3, 14173
List the prime factors of 492225.
3, 5, 6563
What are the prime factors of 10463348?
2, 7, 113, 3307
List the prime factors of 1100810.
2, 5, 31, 53, 67
What are the prime factors of 62971?
62971
List the prime factors of 3799703.
3799703
What are the prime factors of 95893?
7, 19, 103
What are the prime factors of 29206?
2, 17, 859
What are the prime factors of 124225?
5, 4969
List the prime factors of 1826514.
2, 3, 17, 47, 127
What are the prime factors of 193659?
3, 64553
List the prime factors of 214183.
17, 43, 293
What are the prime factors of 250980?
2, 3, 5, 47, 89
What are the prime factors of 13939?
53, 263
List the prime factors of 948741.
3, 521, 607
List the prime factors of 264856.
2, 33107
What are the prime factors of 10650983?
7, 217367
What are the prime factors of 1989010?
2, 5, 198901
List the prime factors of 1414389.
3, 337, 1399
List the prime factors of 3944258.
2, 1972129
List the prime factors of 14050183.
7, 359, 5591
List the prime factors of 1681880.
2, 5, 19, 2213
What are the prime factors of 5739044?
2, 113, 12697
What are the prime factors of 4716880?
2, 5, 7, 8423
List the prime factors of 7391605.
5, 13, 113717
What are the prime factors of 130205?
5, 26041
What are the prime factors of 1986431?
19, 104549
List the prime factors of 658495.
5, 17, 61, 127
List the prime factors of 2563793.
31, 191, 433
What are the prime factors of 28046774?
2, 7, 19, 97, 1087
List the prime factors of 326527.
347, 941
What are the prime factors of 4890603?
3, 41, 39761
List the prime factors of 2476017.
3, 103, 2671
List the prime factors of 215715.
3, 5, 73, 197
What are the prime factors of 15642059?
15642059
List the prime factors of 5096317.
23, 43, 5153
What are the prime factors of 182517?
3, 83, 733
What are the prime factors of 6730606?
2, 17, 197959
What are the prime factors of 9041732?
2, 7, 322919
What are the prime factors of 1692942?
2, 3, 282157
List the prime factors of 299455.
5, 13, 17, 271
List the prime factors of 3714433.
3714433
List the prime factors of 17459.
13, 17, 79
List the prime factors of 6030284.
2, 13, 89, 1303
What are the prime factors of 4606985?
5, 677, 1361
List the prime factors of 161514.
2, 3, 997
What are the prime factors of 1226728?
2, 23, 59, 113
List the prime factors of 7240710.
2, 3, 5, 19, 12703
List the prime factors of 605628.
2, 3, 16823
What are the prime factors of 34979780?
2, 5, 11, 23, 31, 223
What are the prime factors of 16876851?
3, 5625617
List the prime factors of 4233816.
2, 3, 17, 1153
What are the prime factors of 168916?
2, 11, 349
What are the prime factors of 7570?
2, 5, 757
What are the prime factors of 14792100?
2, 3, 5, 49307
What are the prime factors of 880316?
2, 101, 2179
What are the prime factors of 8838904?
2, 263, 4201
What are the prime factors of 725108?
2, 181277
What are the prime factors of 209039?
209039
What are the prime factors of 25093?
23, 1091
What are the prime factors of 3950892?
2, 3, 11, 907
What are the prime factors of 74652?
2, 3, 6221
List the prime factors of 4216019.
89, 127, 373
What are the prime factors of 229180?
2, 5, 7, 1637
List the prime factors of 5231545.
5, 11, 73, 1303
List the prime factors of 119176.
2, 14897
What are the prime factors of 1700282?
2, 191, 4451
List the prime factors of 3204291.
3, 23, 46439
What are the prime factors of 5070794?
2, 17, 31, 283
List the prime factors of 12334079.
12334079
What are the prime factors of 11295255?
3, 5, 59, 12763
What are the prime factors of 768701?
167, 4603
What are the prime factors of 3661326?
2, 3, 107, 1901
What are the prime factors of 217063?
7, 11, 2819
What are the prime factors of 5569668?
2, 3, 13, 3967
What are the prime factors of 30660449?
23, 83, 16061
List the prime factors of 26164.
2, 31, 211
List the prime factors of 302135.
5, 60427
List the prime factors of 106351.
7, 15193
List the prime factors of 128620.
2, 5, 59, 109
What are the prime factors of 1883526?
2, 3, 313921
List the prime factors of 312741.
3, 11, 13
What are the prime factors of 2482423?
587, 4229
What are the prime factors of 160594?
2, 7, 11471
List the prime factors of 1206935.
5, 199, 1213
List the prime factors of 3176433.
3, 13, 17, 1597
What are the prime factors of 372999?
3, 11, 89, 127
What are the prime factors of 9678179?
7, 1382597
What are the prime factors of 1308732?
2, 3, 191, 571
What are the prime factors of 239098?
2, 119549
List the prime factors of 3175995.
3, 5, 83, 2551
List the prime factors of 705514.
2, 352757
What are the prime factors of 414776?
2, 139, 373
List the prime factors of 19369054.
2, 9684527
What are the prime factors of 48976?
2, 3061
What are the prime factors of 246373?
19, 12967
What are the prime factors of 2471492?
2, 617873
List the prime factors of 650934.
2, 3, 29, 43
List the prime factors of 4337914.
2, 7, 309851
What are the prime factors of 8441978?
2, 199, 21211
What are the prime factors of 1191659?
7, 37, 43, 107
What are the prime factors of 2965393?
61, 173, 281
What are the prime factors of 15075338?
2, 7537669
List the prime factors of 410120.
2, 5, 10253
What are the prime factors of 254192?
2, 15887
What